+ 5*d**3/6 - 49*d**2 + 11. Give u(8).
-19
Let w(m) = -3444*m + 1714*m + 447 + 1719*m. What is w(42)?
-15
Let k(h) = h**2 + 5*h + 1. Let l(c) = -c**2 - 1. Let r(x) = -k(x) - 2*l(x). Let t be 1 - (5 + -7 - 0). Suppose -3*j + 36 = t*j. Determine r(j).
7
Suppose -4*f - 4*i - 996 = -2*f, -3*i + 1539 = -3*f. Let s = f - -510. Let p(j) = -7*j**3 - 2. Give p(s).
-58
Let l(d) = -d**2 - 10*d + 124. Let a = 2380 + -2373. What is l(a)?
5
Let s(u) = 14*u - 6. Let d(k) = 5*k + 1. Let r be 2/2 + 64/(-16). Let n(l) = r*d(l) + s(l). Determine n(-6).
-3
Let g be (-402)/(-51) - (-22)/187. Suppose 23*p - g*p = -60. Let n(i) = 3*i**2 - i - 1. Give n(p).
51
Let w(j) = j**2 - 8. Let h be w(-6). Let u = -7622 - -7627. Suppose 5*r - h = -3*q, u*r + q - 39 = -13. Let t(y) = y**2 - 4*y - 2. Calculate t(r).
3
Let n(v) = -13*v**2 + v - 1. Let y be 11 - (2/1 - -8). Calculate n(y).
-13
Let v(i) = i**3 + 3*i**2 - 5*i - 4. Let w = -531 - -276. Let n = w - -252. Calculate v(n).
11
Let k(n) = 14 + 21*n - 54*n + 19*n + 13*n. Let q be k(10). Let g be 1*21*q/(-48)*-4. Let p(d) = -2*d + 2. What is p(g)?
-12
Let g(f) be the third derivative of f**6/40 - f**5/30 + f**4/8 + 23*f**3/6 - 70*f**2 - 22*f. What is g(0)?
23
Let o(h) = 7 + 16*h - 13*h + 6 - 5*h. Calculate o(6).
1
Let o(a) = -71*a + 10. Let m(g) = -317*g + 41. Let x(w) = -2*m(w) + 9*o(w). Give x(2).
-2
Suppose -3*c + 8 - 1 = -u, 3*c + u - 17 = 0. Suppose -c = -6*x + 2*x. Let w(h) = 0 - x + h - 1. What is w(3)?
1
Let s(y) = 4*y**3 - 1 + 0 - y + y + 2*y**2. Let b(a) = -4*a - 21. Let t be b(-11). Suppose -t*u + 20*u = 3. What is s(u)?
-3
Let h(u) = -2*u**2 + 5*u - 3. Let r be 170/(-8) + (-4)/(-16). Suppose -23*i = -18*i + 120. Let g = r - i. Give h(g).
-6
Let p(s) = -2*s**2 + 11*s + 1. Let q be -1 + 1 + -2 + 105 + -98. What is p(q)?
6
Suppose 10*v - 322 = -4*v. Let j(u) = v*u - 106 + 104 - 22*u. Calculate j(5).
3
Let c(a) = -266*a - 282*a - 478 + 570*a. Give c(22).
6
Let d(p) = -p**3 - 5*p**2 - 4*p - 2. Suppose 2*r - 8 = 24. Suppose 0*g + 7*g = 11*g. Suppose g = -3*s + 6*c - c + 8, c = 5*s + r. Give d(s).
-2
Let b = 3 - 2. Suppose -3*s + 4*c + 22 = 0, s + b + 1 = -c. Let z(q) = 1 + 3037*q**2 + 3036*q**2 + 3037*q**2 - 9111*q**2. Give z(s).
-3
Let k(z) be the third derivative of 0*z + 6*z**2 + 0 + 5/24*z**4 - 1/2*z**3 + 1/60*z**5. Calculate k(-5).
-3
Let x(w) be the third derivative of 0*w + 0 - 5/6*w**3 - 5/24*w**4 - 1/12*w**5 + 1/120*w**6 + 185*w**2. Determine x(6).
1
Let v(h) = -47*h - 82. Let r(g) = 75*g + 122. Let l(b) = -5*r(b) - 8*v(b). Determine l(-22).
24
Let a(n) = -n**2 + 4*n - 1. Let v be a(3). Suppose v*y - 2 = 10. Let c(t) be the second derivative of t**4/6 - 7*t**3/6 - 4*t**2 + 3*t - 412. What is c(y)?
22
Suppose p + 2*p = -c + 7, 2*c = p + 14. Let m(k) = -c*k**3 + 11*k**2 - 10 - 3*k**3 - 12*k - 1 + 11*k**3. Calculate m(-12).
-11
Suppose -8 = 1147*n - 1151*n. Let g(s) = -16 - 27*s + s**2 - n*s + 30*s. What is g(5)?
14
Let v(f) = f - 1. Let y be v(2). Let m(t) be the first derivative of -2*t**3 + t**2/2 + 12187. Determine m(y).
-5
Let t(o) = -3*o**2 - o. Let f = -10 + 17. Suppose 5*p - 2*p - 5*j = -5, -p - f = j. Let k(s) = -2*s**2. Let a(z) = p*k(z) + 4*t(z). What is a(-3)?
-6
Let n(u) = -2*u**3 - 8*u**3 + 0*u + 2339 - 4653 + 2325 - 12*u. Calculate n(1).
-11
Let k(v) = -1. Let o = -58 + 63. Let f(j) = -j - 10 + o*j - j - j. Let w(z) = -f(z) + 5*k(z). Give w(6).
-7
Let q(p) be the third derivative of p**6/360 + 13*p**5/120 - p**4 + 31*p**3 + 30*p**2 + 2. Let w(g) be the first derivative of q(g). Give w(-15).
6
Let r = 518 - 514. Let g(u) = -u**2 - 1. Let z(m) be the first derivative of -5*m**3/3 + 3*m**2/2 - 9*m - 1. Let o(v) = 4*g(v) - z(v). Calculate o(r).
9
Suppose -156 + 76 = -4*o. Suppose 21*c - 5*q = o*c + 12, 3*c = -3*q - 54. Let g(l) = -l - 6. Give g(c).
7
Let m(s) = -21*s - 398. Let g be m(-19). Let k(a) = -2. Let j(f) = -f - 6. Let i(w) = -2*j(w) + 7*k(w). What is i(g)?
0
Let i = 184 + -182. Let o(b) be the second derivative of -3/2*b**2 + 3*b + 7/6*b**3 + 0. Determine o(i).
11
Let z be ((-464)/11)/(-1) + 72/(-396). Let c be (z/(-28))/(6/(-8)). Let v(y) = -2*y**2 + 2*y**2 - y + y**2 - 2. What is v(c)?
0
Let w(t) = 2*t**3 + t**2 + 2*t + 12. Let c be w(-2). Let i(b) = -5*b**3 - 22*b**2 - 10*b - 7. Determine i(c).
1
Let u(t) = 50 + t**2 - 23732*t + 23741*t + 53 - 101. Let z be -9*2*2/4. What is u(z)?
2
Let p be 20/(-10) + (7 - 0/2). Let z(n) = -4*n - 7. Let h(o) = -o - 3. Let y(c) = 5*h(c) - z(c). Give y(p).
-13
Suppose 0 = -3*u + 19*u - 192. Let a(j) = 2 - 11*j + 4 - j**2 - 3 + u*j. Give a(0).
3
Suppose -4*n = 5 + 15. Let f(v) be the second derivative of -v**4/12 - v**3/6 + 2*v**2 - 17*v + 1284. Calculate f(n).
-16
Let s be (61 - 62)/((-2)/666). Suppose 5*h = -32*h + s. Let k(a) = 1 + 2 + a - 2*a. Calculate k(h).
-6
Let r(o) = -3. Let m(h) = -3*h + 18. Let j(i) = -3*m(i) - 18*r(i). Let b be 280/98*70/20 + -13. Calculate j(b).
-27
Let t = 1024 + -1022. Let f(z) = 239*z**t - z + 228*z**2 - 2 - 466*z**2. Let j be 1 - 1/((-2)/6). What is f(j)?
10
Let h(m) be the second derivative of 2*m**3/3 - 3*m**2/2 + 556*m. Calculate h(-9).
-39
Let d(y) = 145 - y**3 + 3*y - 9*y**2 + 0*y**3 - 135. Let f be (3/(-5))/(24/360)*1. Give d(f).
-17
Let o(y) = 6*y + 4*y**2 + 2*y**2 + 3 + y**3 + 0*y. Let k = -261652 + 261648. Give o(k).
11
Let d(f) = -1. Let t(l) = -6*l + 5. Let m(h) = 6*d(h) + t(h). Let x be (-6 + 2 - -3) + (-10)/(-5). Let k(i) = i. Let o(y) = x*m(y) + 5*k(y). Determine o(2).
-3
Let q = 29 - 21. Suppose -5*b + q = -2. Let d(k) = -23 - k**b + 27 + 3*k - 4*k - 2*k. What is d(-4)?
0
Let j(h) = h**3 - 5*h**2 - 3*h + 7. Suppose 0 = 5*a + d + 306, -3*a + 4*d + 46 = -4*a. Let f = -36 - a. Suppose -y - 21 = -f. Give j(y).
-8
Let p = 413 - 411. Let b(j) = j**p + 22 + 24 + 2*j + 25 - 73. Calculate b(-5).
13
Let t be 9 - (170/935 + 260/22). Let p(l) = -3*l**3 - 6*l**2 - 11*l - 4. Give p(t).
56
Suppose 3 = -293*j + 290*j - 5*d, 3*j = 3*d - 27. Let u = -3 - -6. Let b(x) = -6*x**2 - x + 4 + 4*x + 0*x - x**u - x. Give b(j).
-8
Let w(q) be the first derivative of -q**3/3 + 5*q**2/2 + 73. Let j = 78 - 113. Let g = j - -38. Calculate w(g).
6
Let u(g) = -g**2 + 20*g + 38. Let d be u(21). Let o(x) = x**3 - 15*x**2 - 35*x + 25. Let v be o(d). Let m(h) = -h - 1. Give m(v).
-9
Let j(t) be the first derivative of -13*t**2/2 - 103*t + 1401. Give j(-9).
14
Let k(x) = x**2 + 8*x - 9. Suppose 0 = 5*l + r - 6*r - 655, 2*l = -4*r + 286. Let u = 126 - l. Determine k(u).
0
Let v(o) = -7*o - o**3 + 2*o**2 + 2*o + 5 + 3*o**2. Suppose -12*b = -34 - 38. Let r be 456/108 - b/27. What is v(r)?
1
Let h be ((-2)/(-4))/(2/(-4)). Let t = 2 + h. Let k(v) = -3*v**2 + 58*v + 1. Let d(m) = -3*m**2 + 46*m + 1. Let l(j) = 5*d(j) - 4*k(j). Determine l(t).
-4
Let g(c) be the third derivative of -c**7/840 - c**6/45 - c**5/120 - 5*c**4/12 - 37*c**3/6 - 24*c**2. Let t(x) be the first derivative of g(x). Give t(-8).
-2
Let m(l) = 2*l + 20. Let f = 65 + -17. Let q = 40 - f. Let o be m(q). Let v(r) = r**2 - 5*r + 6. What is v(o)?
2
Let f(i) = -i**2 + 4*i + 7. Let z(v) = -2*v**3 + 26*v**2 - 21*v - 34. Let y be z(12). Suppose 0*u = -y*m + 2*u + 2, 24 = 4*m + u. What is f(m)?
2
Let p(x) = x + 6. Suppose 0 = -2*w - 3*o - 3, 2*w + o + o - 2 = 0. Suppose -2*s + 8 = -w. Calculate p(s).
13
Suppose 2*y = -y + 78. Suppose -22*b = -y*b. Suppose b = -3*s - 7*s + 10. Let g(d) = 2*d**3 + 2*d**2 - 1. Determine g(s).
3
Let b(h) be the second derivative of 0 + 1/2*h**3 + 229*h - 1/2*h**2 + 1/12*h**4. What is b(-4)?
3
Let l(o) be the third derivative of -o**6/120 + o**5/60 + o**3/2 - o**2. Let k(g) = -37*g - 959. Let s be k(-26). Give l(s).
-15
Let b = 15277 + -15240. Let a(i) = -i**2 + 45*i - 286. Determine a(b).
10
Let i(o) = -o**3 - 10*o**2 - 7. Let v be i(-10). Let m(z) = 2*z + 2. Let h(s) = 7*s + 10. Let f(c) = h(c) - 3*m(c). Determine f(v).
-3
Suppose 2*q = -2*q + 12. Let f be ((-44)/16 + q)*16. Suppose 8*u = f*u - 32. Let n(c) = c**3 + 9*c**2 + 10*c + 10. Determine n(u).
-6
Suppose -33*j + 34*j = -2, -5*j - 11 = -t. Let d(m) = -26*m**3 - 1 - m**2 + 2 - m**3. Determine d(t).
-27
Let m(c) be the first derivative of -c**2 - 6*c + 2. Let b be 17 + (-38 - (0 - 15)). What is m(b)?
6
Let a(f) = -f**3 - f**2 + 1. Let k(d) = -7*d**3 - 14*d**3 + d - 12*d**3 - 4*d**2 + 24*d**3 + 2. Let r(u